 factors of p.
2, 3
Let u = -9 + 3. What are the prime factors of 76/u*(-9)/6?
19
Suppose -5*w = 15, 0*a + 46 = 4*a - 2*w. What are the prime factors of a?
2, 5
Suppose 10 - 109 = -11*o. List the prime factors of o.
3
Let x(m) = m**2 - 5*m - 3. Let r be x(6). List the prime factors of 6/(-9) + 14/r.
2
Let n be 5*2/(-4)*2. Let i = 7 + n. Suppose i*t = -t + 21. What are the prime factors of t?
7
Let q be 24/(-9) + (-2)/(-3). Let y(d) = 6*d**2 + 8*d - 2. Let b(u) = -5*u**2 - 7*u + 2. Let m(a) = 5*b(a) + 4*y(a). List the prime factors of m(q).
2
Suppose 5*i = -3*r + 7, -4 - 3 = -3*i + r. Suppose -i*w = -5*w + 72. What are the prime factors of w?
2, 3
Suppose -5*t = a + 1, 0 = 2*t + 3*a + 3. Suppose -5*c + 5*n + 130 = t, 4*n = c - 20 - 12. What are the prime factors of c?
2, 3
Let a be 0/(2 + 0/(-1)). Suppose -3*l - 4*j + 10 = 0, a*l + 2*l + 2*j = 10. What are the prime factors of l?
2, 5
Let l(s) = -s**3 + 6*s**2 - 5*s - 3. Let h be (10/(-4))/(4/8). Let d = 9 + h. List the prime factors of l(d).
3
Suppose 4*a - n = -23, -2*n = -4*n + 6. Let x(r) = r + 3. Let u be x(a). List the prime factors of u/6 + (-112)/(-12).
3
Suppose -t = 3*s - 138, 2*s + 3 = 1. What are the prime factors of t?
3, 47
Let b be (1 + -4)*(0 + 2). Let g(k) = 5*k**3 - 6*k**2 + 9*k + 9. Let q(m) = m**3 + m. Let n(w) = -g(w) + 6*q(w). List the prime factors of n(b).
3
Suppose 0 = -2*y - 0*y + 700. Suppose -5*c + y = 55. Suppose 3*f = -2*p - f + 46, 4*f = 5*p - c. List the prime factors of p.
3, 5
Suppose 0 = z - 5*z. Suppose -c + 0*c + 12 = z. List the prime factors of c.
2, 3
Let y(u) = 9*u**3 + 6*u**2 - 9*u**3 + 11*u - u**3 - 7 + 0*u**3. Suppose 5*d - 6 = 29. List the prime factors of y(d).
3, 7
Let y(p) be the second derivative of 3*p**2 + 1/12*p**4 + 0 + 2/3*p**3 + p. List the prime factors of y(-4).
2, 3
Let l(x) = 3*x**2 + 2*x**3 - 3*x**3 - 4*x**2. List the prime factors of l(-2).
2
Let m(b) = b**2 - 10*b - 12. Let x be m(12). List the prime factors of 15 + x - (-2)/(-2).
2, 13
Let b(y) = y**2 - 7*y + 18. List the prime factors of b(6).
2, 3
Let s(q) = -q**3 + 10*q**2 + 2*q - 13. List the prime factors of s(9).
2, 43
Suppose 0*d = 4*d. Suppose k + 4 - 18 = d. List the prime factors of k.
2, 7
Suppose 261 = -5*p - 139. What are the prime factors of (-3)/(12/p) - 2?
2, 3
Let w = 0 + 4. Suppose -7 = w*l + 1. What are the prime factors of (-2)/2 + 8 + l?
5
Let p be 2/5 + 8/(-20). Suppose 0 = 4*m - 5*u - 28, p = m + m - u - 20. List the prime factors of m.
2, 3
Suppose c = 57 + 106. What are the prime factors of c?
163
Suppose -392 = -4*k + 2*k. Let d be k/12 + (-2)/6. Let a = -9 + d. What are the prime factors of a?
7
Let m(v) = 8*v**2 - 1. Let c be m(1). Suppose 0 = 4*d + c + 1. List the prime factors of (-1)/((-27)/(-15) + d).
5
Suppose 2*l - 3 = -1. Suppose 3*n + l = -5*i, 3*n + 2*i = 3*i + 11. Let q = n - -8. List the prime factors of q.
11
Let n(l) = -9 - l + 19 + 3. List the prime factors of n(6).
7
Let k = 63 - 40. What are the prime factors of k?
23
Let g(w) = 8*w - 16. Let u be g(-9). List the prime factors of -3 + 3*u/(-12).
19
Let c be 0/2 - (-1)/1. Let y be -3 + 0 - -1*c. What are the prime factors of y*(1 - 2)*2?
2
Let c(m) = -m**2 + 3*m - 3. Let d be c(2). Let s = d - -3. Suppose -34 = -s*y + 4*p, 3*y - 2*p + 0*p = 39. What are the prime factors of y?
11
Suppose -19 - 6 = 5*o, 2*q - 15 = 3*o. Suppose 0 = -q*y - y + 27. What are the prime factors of y?
3
Let l be (1 - (3 + 260))/(-2). Let m = l - 93. List the prime factors of m.
2, 19
Let o = 84 - 39. Let u = o + -32. Suppose -11 - u = -2*z. What are the prime factors of z?
2, 3
Let j(n) = n**3 + 4*n**2 + 3*n. Let u be j(-3). Suppose -39 = -4*k - y, 5*k + u*k - 30 = -5*y. What are the prime factors of k?
11
Let w = 108 - 78. List the prime factors of w.
2, 3, 5
Suppose -i = 3*i - 40. Suppose -b = b - 2*y - i, 0 = -y. Suppose 5*d = -a - 3*a + 21, b*d - 22 = -3*a. What are the prime factors of d?
5
Let n(u) = u**2 + 4*u - 7. Let i be n(-6). Suppose -i*p + 38 = 3*m - 0*p, m = p + 10. List the prime factors of m.
11
Let w = 32 - -227. Suppose -4*s + w = 5*h, 6*h - 4*h = -5*s + 107. What are the prime factors of h?
3, 17
Suppose 0 = b - 3*b - 74. Let u = b + 55. List the prime factors of u.
2, 3
Suppose -2*h - g + 1 = -1, 2*g = -5*h + 7. Let d(i) = i**3 - 4*i + 2 + h*i**2 + 0*i**2 + i**2. List the prime factors of d(-4).
2, 3
Suppose -4*o = -19 - 53. Suppose 4*y - y - 18 = 0. Suppose y + o = 4*v. What are the prime factors of v?
2, 3
Let a = 59 - -4. List the prime factors of a.
3, 7
Let a = 1 + -9. Let n(k) = k - 5. Let b be n(7). Let v = b - a. What are the prime factors of v?
2, 5
Let m be (-12)/(-8)*4*17. List the prime factors of 4*(-3)/(-36)*m.
2, 17
Suppose -2*q + 7 = -1. What are the prime factors of q?
2
Suppose 0 - 6 = -q. Let x be (-6 + 0)*10/(-12). Suppose x*j - q = 44. What are the prime factors of j?
2, 5
Suppose -m + 6 = m. Let u be 3 - 1 - (1 - m). Suppose -u*y + 57 - 1 = 0. List the prime factors of y.
2, 7
Let m(t) = 3*t + 4. Suppose 21 + 9 = 5*x. What are the prime factors of m(x)?
2, 11
Suppose 0 = -a + q + 175, 6*a - 3*a - 5*q - 523 = 0. What are the prime factors of a?
2, 11
Suppose 0 = -3*y + 4*y - 27. Suppose -m = -4*m + y. Suppose 64 = -5*k + m*k. What are the prime factors of k?
2
Let q(d) = d**2 - 4*d - 4. Let r be q(5). Let f be r/1*(-9 + -4). Let y = -7 - f. List the prime factors of y.
2, 3
Suppose 5*y = -2*f + 125, 3*y = -2*f + 95 + 28. List the prime factors of f.
2, 3, 5
Let g(j) = j**3 - 6*j**2 - 10*j + 7. Let h be g(6). Let d = h + 32. Let m = d - -31. List the prime factors of m.
2, 5
Let t = 7 - 10. Let u be 5 - (-1 + (-9)/t). Suppose 3*y - 2 = -m + 1, -u*y - 9 = 0. What are the prime factors of m?
2, 3
Suppose -2*q = 4*n - 6*q - 168, 96 = 3*n + 3*q. List the prime factors of n.
37
Suppose -2*v = 2*v + 12, 4*l + 5*v = 681. Let s(r) = -r**3 - 6*r**2 - r + 4. Let f be s(-6). List the prime factors of 4/f - l/(-15).
2, 3
Let s be (-10)/(-15)*18/(-4). Let h be 1/(s/(-12) + 0). Let n(c) = c**2 - c + 5. List the prime factors of n(h).
17
Suppose -41 = -6*y + 163. What are the prime factors of y?
2, 17
Suppose 0*w - 5 = -5*w. Suppose -o = 3*o + 44. What are the prime factors of ((0 - o)/1)/w?
11
List the prime factors of 144/(-3)*2/(-6).
2
Let k(s) = s + 1. Let h(v) = 2*v**2 + 8*v + 11. Let u(m) = h(m) - 6*k(m). Let r be u(-4). Suppose r = 4*a - 31. List the prime factors of a.
3, 5
Let h = -4 + 6. Let m be ((-40)/(-25))/(h/5). List the prime factors of ((-30)/(-9))/(m/6).
5
Let r = 17 + 14. Let j = -16 + r. What are the prime factors of (1/(-3) - -1)*j?
2, 5
Let u = -8 + 5. What are the prime factors of -2*(-1 + u/6)?
3
Let x(f) = -3*f - 1. Let t be x(1). What are the prime factors of t - -1*(-168)/(-4)?
2, 19
Let q(f) = -f**3 - 2*f**2 + 6*f + 6. List the prime factors of q(-6).
2, 3, 19
Let f be (6/9)/(4/(-18)). List the prime factors of (f + -3 + 24)/2.
3
Suppose 3*o = -4*o + 175. List the prime factors of o.
5
List the prime factors of 855/20 + 4/16.
43
Suppose -28 = 5*a - 7*a. Suppose i - 4 = -0*i. Suppose -a = -i*g + 2*g. What are the prime factors of g?
7
Suppose -4*t - 25 = 143. Let y = 65 + t. Let j = y + -16. What are the prime factors of j?
7
Let f(q) = -q**3 - 4*q**2 + 16*q - 1. List the prime factors of f(-7).
2, 17
Suppose 0 = 4*q + 20, 4*q + 43 = 3*v - 34. List the prime factors of v.
19
Let o = -10 - -34. Suppose 2*v + 3*c + 1 = 3, 4*v + c - o = 0. Suppose -5*t = v - 32. What are the prime factors of t?
5
Let v(x) = 23*x + 31. What are the prime factors of v(5)?
2, 73
Suppose 3*c = -9*c + 5*c. Suppose -3*l = -b + 3 - 25, 4*l - 28 = b. Suppose -3*x + l = -c. What are the prime factors of x?
2
What are the prime factors of 3/(-1 + 140/128)?
2
What are the prime factors of 13/(1*4/20)?
5, 13
Let l(h) = -h**2 + 6 + 2*h - 10*h + 0*h**2. What are the prime factors of l(-7)?
13
Suppose -4 = -2*u - 0*u. Suppose p = g + u*g - 1, -4*g = p + 15. Let m(y) = -y + 4. List the prime factors of m(p).
11
Suppose z + 1 = 3*l + 10, -l = z - 1. Suppose 0 = -w + 2*v + 2*v + 25, 5*v + 20 = w. Suppose -2*y = z*y - w. What are the prime factors of y?
3
Let c(i) = -6*i + 3 + 0*i - 1. Let s be c(-2). Suppose -j = -5*p + 56, s = 5*p - 5*j - 26. What are the prime factors of p?
2, 3
Suppose -5*k - 